s digit of 44521686?
2
What is the thousands digit of 48549689?
9
What is the ten thousands digit of 656926033?
2
What is the tens digit of 423719845?
4
What is the ten thousands digit of 631032969?
3
What is the hundred thousands digit of 1522103055?
1
What is the tens digit of 1556773092?
9
What is the thousands digit of 1590678?
0
What is the ten thousands digit of 43535749?
3
What is the millions digit of 23688893?
3
What is the thousands digit of 392593185?
3
What is the hundred millions digit of 188851880?
1
What is the millions digit of 211644768?
1
What is the hundred thousands digit of 145344036?
3
What is the hundred thousands digit of 41896205?
8
What is the hundreds digit of 27081717?
7
What is the tens digit of 87571336?
3
What is the units digit of 2121059220?
0
What is the tens digit of 846077279?
7
What is the hundreds digit of 4333391244?
2
What is the tens digit of 5983634201?
0
What is the units digit of 3905292812?
2
What is the units digit of 24462192?
2
What is the units digit of 701473827?
7
What is the tens digit of 32539747?
4
What is the ten thousands digit of 1141908885?
0
What is the hundreds digit of 183124168?
1
What is the ten thousands digit of 1836578?
3
What is the millions digit of 110672125?
0
What is the ten millions digit of 306398896?
0
What is the ten thousands digit of 1365159?
6
What is the hundred millions digit of 4876008623?
8
What is the hundred thousands digit of 56406627?
4
What is the units digit of 24179474?
4
What is the thousands digit of 48328938?
8
What is the hundred thousands digit of 1892192410?
1
What is the ten millions digit of 52595289?
5
What is the ten thousands digit of 12103315?
0
What is the millions digit of 1124623665?
4
What is the ten thousands digit of 1685352630?
5
What is the millions digit of 204581290?
4
What is the units digit of 27760829?
9
What is the hundred millions digit of 204944276?
2
What is the hundred millions digit of 374401743?
3
What is the tens digit of 160131857?
5
What is the billions digit of 3271029750?
3
What is the millions digit of 6119241185?
9
What is the hundred thousands digit of 123713610?
7
What is the millions digit of 2527856245?
7
What is the units digit of 13829677?
7
What is the hundreds digit of 326735500?
5
What is the ten millions digit of 172710483?
7
What is the units digit of 152235850?
0
What is the hundreds digit of 1711157186?
1
What is the ten thousands digit of 122234929?
3
What is the hundred millions digit of 117454142?
1
What is the hundred millions digit of 355692191?
3
What is the units digit of 2210724056?
6
What is the tens digit of 265912470?
7
What is the hundred millions digit of 246648876?
2
What is the units digit of 2700548611?
1
What is the thousands digit of 178322008?
2
What is the ten thousands digit of 4651931?
5
What is the tens digit of 102132902?
0
What is the hundred millions digit of 562764281?
5
What is the hundred thousands digit of 71211402?
2
What is the ten millions digit of 621293116?
2
What is the hundred thousands digit of 12118340?
1
What is the billions digit of 1905409012?
1
What is the ten millions digit of 357860438?
5
What is the thousands digit of 3766365861?
5
What is the millions digit of 76560997?
6
What is the hundred millions digit of 4158587915?
1
What is the ten thousands digit of 179462748?
6
What is the units digit of 15593634?
4
What is the ten millions digit of 65303899?
6
What is the millions digit of 345645238?
5
What is the units digit of 533015577?
7
What is the millions digit of 160603186?
0
What is the tens digit of 749428444?
4
What is the hundred thousands digit of 121562784?
5
What is the units digit of 51046804?
4
What is the tens digit of 230661206?
0
What is the hundreds digit of 276189419?
4
What is the ten thousands digit of 75907702?
0
What is the units digit of 4154453287?
7
What is the tens digit of 33454448?
4
What is the units digit of 74798666?
6
What is the units digit of 391257524?
4
What is the tens digit of 337604498?
9
What is the thousands digit of 995118571?
8
What is the units digit of 2107458883?
3
What is the hundreds digit of 1572077954?
9
What is the tens digit of 199768651?
5
What is the hundreds digit of 1588250412?
4
What is the tens digit of 69116971?
7
What is the millions digit of 108037612?
8
What is the tens digit of 859136081?
8
What is the ten thousands digit of 499590349?
9
What is the ten millions digit of 143353787?
4
What is the thousands digit of 11366719?
6
What is the thousands digit of 49227611?
7
What is the ten thousands digit of 16296286?
9
What is the millions digit of 39756810?
9
What is the units digit of 435722208?
8
What is the hundreds digit of 597703358?
3
What is the ten millions digit of 1429153544?
2
What is the thousands digit of 630684305?
4
What is the ten thousands digit of 449550089?
5
What is the units digit of 359779952?
2
What is the millions digit of 4654787557?
4
What is the hundred thousands digit of 99597371?
5
What is the tens digit of 27334896?
9
What is the millions digit of 211769388?
1
What is the hundred millions digit of 136249646?
1
What is the hundreds digit of 2228056039?
0
What is the hundreds digit of 43042658?
6
What is the millions digit of 554815193?
4
What is the tens digit of 1779764400?
0
What is the hundred thousands digit of 651388503?
3
What is the ten millions digit of 380871668?
8
What is the hundreds digit of 3042844560?
5
What is the millions digit of 27751677?
7
What is the thousands digit of 229260378?
0
What is the units digit of 17130382?
2
What is the hundred thousands digit of 464610769?
6
What is the millions digit of 406736165?
6
What is the ten millions digit of 882799963?
8
What is the ten millions digit of 885108380?
8
What is the units digit of 2341562840?
0
What is the units digit of 66784789?
9
What is the thousands digit of 79819687?
9
What is the units digit of 114957815?
5
What is the thousands digit of 156944997?
4
What is the tens digit of 371459595?
9
What is the ten millions digit of 536829898?
3
What is the hundreds digit of 196587214?
2
What is the millions digit of 82794859?
2
What is the hundred thousands digit of 343256615?
2
What is the hundred millions digit of 465471483?
4
What is the ten millions digit of 751059216?
5
What is the hundreds digit of 70144697?
6
What is the hundred millions digit of 942173540?
9
What is the ten millions digit of 406017609?
0
What is the hundred thousands digit of 231722938?
7
What is the thousands digit of 4345086993?
6
What is the units digit of 69106269?
9
What is the ten thousands digit of 456174879?
7
What is the ten millions digit of 92423266?
9
What is the thousands digit of 5921909713?
9
What is the ten thousands digit of 3008840720?
4
What is the hundreds digit of 543508781?
7
What is the tens digit of 187110500?
0
What is the thousands digit of 2354676973?
6
What is the hundreds digit of 14568522?
5
What is the millions digit of 128931420?
8
What is the hundreds digit of 458185189?
1
What is the millions digit of 133101661?
3
What is the tens digit of 411007366?
6
What is the thousands digit of 427088186?
8
What is the tens digit of 458905629?
2
What is the tens digit of 720354686?
8
What is the ten thousands digit of 809198287?
9
What is the hundreds digit of 54269802?
8
What is the thousands digit of 70023296?
3
What is the hundred thousands digit of 616741988?
7
What is the units digit of 258397467?
7
What is the thousands digit of 77979464?
9
What is the ten thousands digit of 14964881?
6
What is the ten thousands digit of 60972219?
7
What is the millions digit of 33751592?
3
What is the hundred millions digit of 3937188968?
9
What is the hundred thousands digit of 106355781?
3
What is the hundreds digit of 1634696970?
9
What is the millions digit of 5759993?
5
What is the millions digit of 20087602?
0
What is the units digit of 445283925?
5
What is the hundreds digit of 70287942?
9
What is the thousands digit of 2861816869?
6
What is the hundred thousands digit of 397689001?
6
What is the tens digit of 3146111723?
2
What is the ten millions digit of 2439056141?
3
What is the hundred millions digit of 133872453?
1
What is the hundreds digit of 332556615?
6
What is the ten thousands digit of 4958920144?
